 Suppose y - 2*y + 26 = n, u = -5*n - 4*y + 128. List the prime factors of n.
2, 3
Let u = 5 - -6. Let s = u - 5. What are the prime factors of (-68)/s*(-6)/4?
17
Let h(g) = -2*g. Let s be h(-1). Suppose 19 = s*y + 5*k - 3, -55 = -5*y + 3*k. Suppose -u + 2*u = y. What are the prime factors of u?
11
Suppose 0 = -4*c + 2*o + 102, 2*c - 58 + 17 = 3*o. What are the prime factors of c?
2, 7
Let c = -9 + 12. Suppose -2*h = -3*m + 46, 4*m + m = -c*h + 45. List the prime factors of m.
2, 3
Let d(m) = -m**3 + 6*m**2 + 3*m + 7. What are the prime factors of d(6)?
5
Let m = -179 - -253. List the prime factors of m.
2, 37
Let g(n) = n**3 + 3*n**2 - 5*n. Let l be g(-4). What are the prime factors of ((-3)/l)/((-5)/20)?
3
Suppose 5*v + 3 = 2*g - 5, 2*g = -2. Let x(n) = -14*n - 2. Let f be x(v). Suppose f = -5*d + 76. What are the prime factors of d?
2, 5
Suppose -4*t + 2 = 46. Let a(x) = x**3 + 11*x**2 - 4*x + 5. Let d be a(t). Suppose 5*m - d = -14. What are the prime factors of m?
7
Let c = -182 + 293. List the prime factors of c.
3, 37
Suppose -1 - 3 = -q. Suppose 10*j + 45 = 15*j. Suppose -4*s - q*m + 48 = 0, -4*s = -3*m - j - 60. List the prime factors of s.
3, 5
Suppose 7*f = 2*f + 10. What are the prime factors of -34*(1/f + -1)?
17
Let p(s) = 2*s - 8. List the prime factors of p(7).
2, 3
Let r(c) = -6 - c**3 + c + 0*c**3 + 4*c - 2*c**2. List the prime factors of r(-5).
2, 11
Suppose 0*q + 2*q = 0, 2*q = 3*z + 6. What are the prime factors of (z/(-1) - 0) + 6?
2
Suppose 0 = 9*f - 85 - 194. List the prime factors of f.
31
Let h = -24 - -8. List the prime factors of (-46)/(-2) - h/(-8).
3, 7
Let f(c) = 310*c**3 - c**2. List the prime factors of f(1).
3, 103
Let v = -14 - -24. Suppose v = 4*q - 126. List the prime factors of q.
2, 17
Suppose -6*j + 3864 = 8*j. List the prime factors of j.
2, 3, 23
Suppose -3*t + 9 = -o, t + 3 = -3*o - 4. List the prime factors of (t*-2)/(-2) + 1.
3
Let d be (-9)/(-6)*10/3. Suppose 10 = d*j - 60. What are the prime factors of j?
2, 7
Let u = 3 + 6. Let f be 25/10 + 2/(-4). Suppose f*p - u = -p. List the prime factors of p.
3
Let l = 91 + -28. Suppose s - 34 = -2*u + 3*s, s - l = -4*u. List the prime factors of u.
2
Let t be (-80)/(-44) + (-2)/(-11). Suppose -35 - 1 = -t*g. Suppose -x - 2*x + g = 0. List the prime factors of x.
2, 3
Let q = -2 + -5. List the prime factors of (-2)/7 + (-79)/q.
11
Suppose a = 2 - 0. Suppose 78 = u + a*u. What are the prime factors of u?
2, 13
Suppose -1 + 13 = 4*a. What are the prime factors of a?
3
Let d = 3 - 0. Suppose -12 = v - d*v. List the prime factors of v.
2, 3
Let m(l) = 3*l**2 - 11*l + 6. What are the prime factors of m(5)?
2, 13
Let n = 4 + -2. Suppose -n*w + 0 + 1 = -s, 3*w + 3 = 0. Let r = s + 5. What are the prime factors of r?
2
Let a be 2 + (68 - 2/1). Let b = -35 + a. List the prime factors of b.
3, 11
Let f(j) = j + 9. Let y be f(-6). Suppose 5*r + 3*c - 50 = -c, 2*r = -y*c + 27. Suppose -5*h + 15 = -5*a, -r*a + 2*a = -12. What are the prime factors of h?
2, 3
Suppose 0*i - 3*i = -3. Suppose -15 = -m + i. List the prime factors of m.
2
Suppose 5*i + 20 = 0, i + 18 = 2*c - 2*i. Suppose n - c*h - 42 = 0, -4*n + 4*h = -h - 189. List the prime factors of n.
3, 17
Let x(w) = 46*w**2 - 2*w - 1. Let g be x(-1). Suppose g = 5*t - 23. List the prime factors of t.
2, 7
Suppose -4*p + 1 = 2*d + 3*d, -4*d - 3*p = -1. Let b = 13 - d. List the prime factors of b.
2, 3
Let b(y) = y**3 - 15*y**2 - 16*y + 14. List the prime factors of b(16).
2, 7
Suppose 5*b + 11 = 5*k - 29, 5*b = -k - 4. Suppose 0*w - 2*w + k = 0. Suppose 4*n - 11 = w*n. List the prime factors of n.
11
Let u(k) be the first derivative of k**3 - 2*k**2 + 3*k - 2. What are the prime factors of u(2)?
7
List the prime factors of (136/(-17))/((-2)/8).
2
List the prime factors of 1185/(-6)*8/(-10).
2, 79
Suppose 34 = -t + 3*t. What are the prime factors of t?
17
Let r(k) = k**3 + k - 2. Let u be r(2). List the prime factors of 8/(1/u*2).
2
Let h = 63 - 25. What are the prime factors of h?
2, 19
Suppose 70 = 2*y + 5*g, -2*y - 4*g = -1 - 65. List the prime factors of y.
5
Let t = 3 + -5. Let c be (t/(-4))/((-1)/(-26)). Let i = c + -5. List the prime factors of i.
2
Suppose -2*n - 12 + 0 = -4*a, 3*n - 2 = -4*a. Suppose -5*z - a = -3*l, -3*z + 6*z = l + 2. Suppose 0 = z*h + 2*h - 16. What are the prime factors of h?
2
Let p(l) = -l**2 + 9. Let d be p(-7). Let c = -26 - d. What are the prime factors of c?
2, 7
Suppose -1 = -9*t + 395. What are the prime factors of t?
2, 11
Suppose 2*u + 780 = 4*p + 6*u, -3*p - 4*u + 590 = 0. What are the prime factors of p?
2, 5, 19
Suppose 23 = 5*o + 3. Suppose -d = -o*d + 3. List the prime factors of 7/d - (1 + 1).
5
Suppose -g + 584 = 4*w, -w = -0*g - 3*g - 159. List the prime factors of w.
3, 7
Let y be 1 - (-66)/(3/1). Let o = 13 - y. Let b = 17 + o. What are the prime factors of b?
7
Let s(o) = 4*o + 1. Let z(q) = q + 2. Let t be z(0). What are the prime factors of s(t)?
3
Let a(d) be the third derivative of d**5/60 + 7*d**4/24 + 5*d**3/6 - 2*d**2. List the prime factors of a(-8).
13
Suppose i = 4*s - 4*i - 19, -5*s + 34 = 4*i. Suppose 0 = s*l - l - 10. Suppose 0 = l*j + j - 42. What are the prime factors of j?
2, 7
Let n = -6 + 8. Let q(b) = -3 - 2*b**3 + 3*b**3 - b - 4*b**n + 4*b. What are the prime factors of q(4)?
3
Let r be ((0 - -1) + -6)*1. What are the prime factors of 4/10 + (-13)/r?
3
Suppose -2 + 1 = -j. Let c = j - -26. List the prime factors of c.
3
Let z be (3/(-4))/(4/(-96)). Let i be (-158)/(-18) + 4/z. Suppose i = 6*r - 3*r. List the prime factors of r.
3
List the prime factors of (-5)/(-2)*(6 - 0).
3, 5
Suppose -2*y - 2*y = 0. Let k(p) = 2*p + 9. Let n(c) = 3*c + 8. Let t(r) = 4*k(r) - 3*n(r). What are the prime factors of t(y)?
2, 3
Suppose 12 - 117 = -5*j. List the prime factors of j.
3, 7
Suppose 0 = 5*z - 106 - 9. What are the prime factors of z?
23
Let g(v) = v**3 + 8*v**2 + 8*v - 5. List the prime factors of g(-6).
19
Suppose -3*x - x - p + 16 = 0, 0 = 5*x + 3*p - 27. Suppose f + x*f = 152. What are the prime factors of f?
2, 19
Let s(i) = -i**3 + 10*i**2 + 5*i - 2. List the prime factors of s(10).
2, 3
List the prime factors of (-2)/(-3) + (-52)/(-3).
2, 3
Let j = 4 + -25. Let s = j - -34. List the prime factors of s.
13
Let l(m) be the third derivative of -m**7/5040 - m**5/30 - 2*m**2. Let s(u) be the third derivative of l(u). What are the prime factors of s(-2)?
2
Let j(t) = -4*t**3 + 2*t**2 + 2*t + 1. Let k be j(-1). Suppose -k*b = -3 - 77. Suppose -5*i + 2*i - 2*p = -13, -2*p = 4*i - b. List the prime factors of i.
3
Suppose -2*q - 4*h - 15 = -3*h, -5*h = -25. Let b be 62/4 - (-5)/q. Suppose 2*j = 5*j - b. What are the prime factors of j?
5
Suppose 292 = 6*f - 80. What are the prime factors of f?
2, 31
Let x be 3 + -1 - (-6 - -41). Let v be 1/(x/15 - -2). Let w = v - -8. List the prime factors of w.
3
Suppose 13*d = 9*d + 32. List the prime factors of d.
2
Suppose 4*z = -0*z + i + 163, 3*z - 5*i = 135. List the prime factors of z.
2, 5
What are the prime factors of (-6 - -58) + 1 + -4?
7
Suppose 214 + 1486 = 10*l. What are the prime factors of l?
2, 5, 17
Suppose 0 = 5*b - 7*b + 16. Let x = -11 + b. Let o(k) = -3*k - 4. List the prime factors of o(x).
5
Let s(z) = -9*z**2 - 1. Suppose -1 = 2*a - 2*x - 11, 0 = -3*a - 5*x - 17. Let d be s(a). Let b = 14 + d. What are the prime factors of b?
2
List the prime factors of 1 - 1 - ((-69)/3 - 0).
23
Let a = 7 + -3. Suppose -79 - 53 = -a*r. What are the prime factors of r?
3, 11
Suppose 4*z - 8*z = -64. Let s(y) = -y**3 - 3*y**2 + 4*y + 1. Let m be s(-3). Let x = z + m. List the prime factors of x.
5
Let l be -2*1/(-4)*6. Suppose f - 16 = -l*f. What are the prime factors of f/(-2)*14/(-4)?
7
Suppose 5*j - 10 = 30. Suppose -j = -3*r - r. List the prime factors of r.
2
Let l(m) = -m**3 + 2*m**3 + 6 - 2*m**3 - 7*m + 6*m**2. Let o be l(5). Let b = o + 11. List the prime factors of b.
7
Suppose -y + 2*r = -0*y - 32, 5*y - 172 = 4*r. List the prime factors of y.
2, 3
Suppose -4 = 4*g - 6*g. Let w be (4 - 1)/(-3)*g. What are the prime factors of (w/4)/(5/(-190))?
19
Let f(b) = -b**3 - b + 22. Let h be f(0). Let d = -9 + 11. Suppose -t = -2*m - 11, m = -d*t + 2*m + h. List the prime factors of t.
11
Let q be (8/6)/((-2)/(-27)